1792)/(-20) + r/(-5). Calculate the greatest common factor of 36 and l.
18
Suppose 57303 = -151*c + 291202. What is the greatest common factor of c and 2?
1
Suppose 8 = 4*f, -3*v + f - 3*f = 5. Let y be (-42)/(-693)*-11 - (-50)/(-6). Let r be (1 - y/v) + (83 - 3). Calculate the greatest common divisor of 26 and r.
26
Let b(i) be the first derivative of -10*i**2 - 16*i + 254. Let d be b(-1). Calculate the highest common factor of 122 and d.
2
Suppose 3*n = 5*c - 2*c + 1479, -4*c = -12. Let z = 359 - 328. Calculate the highest common divisor of z and n.
31
Let l = 37893 - 23329. Calculate the greatest common divisor of 132 and l.
44
Let j(i) = -9*i. Let r be j(-1). Suppose -491*w + 29*w = -54054. What is the highest common factor of r and w?
9
Let u = 172 - 193. Let r = u - -141. Calculate the highest common divisor of r and 48.
24
Let r(q) = 47*q + 113. Let b be r(-5). Let i = b - -152. What is the greatest common factor of 5 and i?
5
Let i(n) be the second derivative of n**5/20 - n**4/6 - 11*n**3/6 - 6*n**2 - 15*n. Let r be i(5). What is the highest common divisor of 8 and r?
8
Let d(v) = 41*v**2 - 1. Let r be d(1). Let n be (-372)/(-54) - (-3)/27. Let l(j) = -12*j + 92. Let x be l(n). What is the greatest common factor of x and r?
8
Let m(r) = 4*r - 12. Let h be m(3). Suppose h = -18*j + 505 - 127. What is the greatest common divisor of 49 and j?
7
Let n = 10709 + -9085. What is the highest common divisor of 32 and n?
8
Let a = 3999 + -3981. Calculate the highest common factor of a and 4374.
18
Let n be (-84)/(-3) - (-15 - 230/(-10)). What is the highest common divisor of 500 and n?
20
Let j = 3 + 94. Let x = 105 - j. Suppose 280 = n + 4*n. What is the greatest common divisor of n and x?
8
Suppose 2*y + 3*g - g - 14 = 0, -3*g + 12 = 0. Let i be 261 - ((-36)/4)/y. Calculate the greatest common divisor of 33 and i.
33
Suppose 12033 = 45*m - 24*m. Let i = m + -541. Suppose -4*l + 96 = -l. Calculate the highest common divisor of l and i.
32
Let n(b) = b**2 + 7*b + 30. Let s(q) = -q**3 - 7*q**2 + 5*q + 75. Let d be s(-5). Let h be n(d). Calculate the greatest common divisor of 705 and h.
15
Suppose 2*o = 6*p - p + 294, -5*o = p - 735. Let f = -4 + o. What is the greatest common divisor of 39 and f?
13
Suppose -o + 295 = 2237*i - 2242*i, 5*i - 825 = -3*o. What is the greatest common factor of 42 and o?
14
Let n be (-1654)/(-14) - (-2)/(-14). Let g = n + -101. Suppose l + 4*l - 160 = 2*m, -2*l + 48 = -4*m. Calculate the highest common divisor of g and l.
17
Let q = -215 + 389. Suppose 14 - 30 = -3*d + 4*l, 4*d - 2*l - 38 = 0. Calculate the greatest common divisor of q and d.
6
Let n = -5939 - -6155. Calculate the greatest common factor of n and 1422.
18
Let k be (-2)/(-1)*60/8. Let f be (-5)/k + (-12)/(-9) + -3. Let r be 31 - (f + (-9)/3). What is the highest common factor of r and 60?
12
Suppose z + h - 164 = 0, 2*z + 20*h - 16*h - 318 = 0. Calculate the highest common divisor of 10309 and z.
169
Let l = 5514 + -5512. Suppose -2*w = -0*w - 10, 3*w = 3*d + 12. Let m = 5 + d. Calculate the greatest common factor of m and l.
2
Let w(o) = -4*o - 48. Let f be w(-13). Suppose f*r + c - 122 = 0, 4*r - 2*r + c - 60 = 0. What is the highest common divisor of r and 341?
31
Let a be 52*(-2)/(-6)*12/8. Let l = -9 + a. Suppose 4*g + 235 = 3*d, g + 330 = 4*d - 5. What is the greatest common factor of l and d?
17
Suppose 3328 - 9808 = -30*u. What is the highest common divisor of u and 28?
4
Let y be (-16)/(-24) - 470/(-15). Let l be (-6)/(-8)*y/6. Let a(j) = -5*j - 11. Let v be a(-11). Calculate the highest common factor of v and l.
4
Let d = 5654 - 5600. What is the greatest common factor of 7146 and d?
18
Let o = 226 - 158. Suppose q - 5*w - 121 = 0, -33*w = 5*q - 30*w - 689. What is the highest common divisor of q and o?
68
Let d = 96 + -68. Let l(v) = 3*v + 100 + 2*v - v - d. Let x be l(-8). What is the highest common divisor of 16 and x?
8
Let g be 400/(-60)*(-1476)/15. Calculate the highest common factor of 16 and g.
16
Let y(b) = b**2 - 7*b + 6. Let c be y(7). Let r = 365 - 237. Suppose -10*a = -172 - r. What is the highest common divisor of c and a?
6
Suppose 0*l + 132 = -h + l, 3*l = 2*h + 267. Let z = -125 - h. Suppose 0 = j - 2*j + 4. Calculate the greatest common factor of j and z.
4
Let v be (1 - -39) + 3 + -1. Let h(i) = -i**3 - 2*i**2 + 4*i + 12. Let w be h(-5). Let m = w - v. What is the highest common divisor of 5 and m?
5
Let o = -85678 - -85798. Suppose 37 = 4*h - f, -2*h - f + 1 = 2*f. Let x(s) = -s**2 + 9*s + 7. Let w be x(h). What is the greatest common factor of w and o?
15
Let p = -3519 + 4861. What is the greatest common divisor of 3904 and p?
122
Suppose 207 = 2*s - 233. Let v = -79046 + 79134. Calculate the greatest common divisor of v and s.
44
Let j = -57 - -145. What is the greatest common divisor of j and 99?
11
Let v = -185 + 185. Suppose v*f - 48 = -6*f. Let y(r) = r**3 + 5*r**2 - r - 4. Let n be y(-5). Calculate the highest common divisor of f and n.
1
Let l(j) = -715*j + 82. Let b be l(0). What is the highest common factor of 24477 and b?
41
Let w(n) = 4*n**3 + 2*n**2 - 105*n + 885. Let f be w(7). What is the highest common divisor of 1020 and f?
60
Suppose 3*p - 2*p - 53 = -4*l, 5*p + 5*l - 295 = 0. Suppose -16 = 3*i - p. Let b = -3 - -6. What is the greatest common factor of b and i?
3
Let u be 122/1 + (-12)/6. Let q be u/(15/6 + -1). Suppose -7488 = -805*n + 337*n. What is the greatest common factor of n and q?
16
Let j(i) = -3*i**2 + 5*i + 17. Let m be j(-4). Let r = m + 54. What is the greatest common factor of r and 57?
3
Let j be (-2)/6*(-5 + -15)*168. What is the highest common divisor of 1015 and j?
35
Suppose 0 = 8*z - 7*z. Let m = z + -51. Let g = -34 - m. Calculate the highest common factor of 119 and g.
17
Let g(b) = -2*b - 31. Let z be g(-21). Let v be 656/(-6) + (-2)/3. Let d be (v/(-30))/((-1)/(-51)). Calculate the highest common divisor of d and z.
11
Let t(a) = -146*a - 1627. Let i be t(-19). What is the highest common divisor of i and 713?
31
Suppose 20*t - 27*t + 28 = 0. Suppose f - 2*r - 614 = 0, -t*f + f = -3*r - 1851. What is the highest common factor of f and 10?
10
Let d be ((-8)/6)/((-6)/144). Let v = d + -28. Suppose 8 = r + 2*q, -2*r - q = -v*r + 31. Calculate the highest common factor of 98 and r.
14
Suppose -6*n + 1722 = 15*n. Suppose -4*r + 0*o + n = 2*o, -5*o + 7 = r. What is the greatest common factor of r and 550?
22
Let d = -50 + 173. Suppose -4*j + 981 = -d. What is the greatest common factor of 69 and j?
69
Let n be 27244/695 - 2/10. Calculate the highest common factor of 2405 and n.
13
Suppose 0 = -3*m + 662 - 257. Let x = -150 + 147. Let c be 27/(7/2 + x). Calculate the highest common divisor of c and m.
27
Let f(k) = -k**2 - 19*k - 11. Let q be f(-18). Let v be 21/6*(0/(-1) - -4). Suppose -91 = -5*t + v. What is the greatest common factor of t and q?
7
Let x(w) = -2*w**3 + 2*w**2 - 15*w + 126. Let l be x(0). Calculate the greatest common divisor of 2178 and l.
18
Suppose -257*n + 1920 = -249*n. What is the highest common divisor of n and 255?
15
Let w be (20/(-16))/(2/(-8)). Let m be 0 + (-69)/(-6) + 7/(-14). Suppose -w*r + 61 = m. Calculate the greatest common divisor of 90 and r.
10
Let c(t) = 28*t**2 + 44*t + 3. Let f be c(-2). Let s be 188 - -3*9/f. Calculate the highest common divisor of s and 108.
27
Suppose -4*p = -5*o - 0*p + 1734, -2*o - 5*p + 720 = 0. Let x = -95912 + 95937. Calculate the highest common divisor of x and o.
25
Let f(r) = -r**2 - 87*r - 177. Let h be f(-2). Let s = -48 + 86. Let w be (s/(-1))/(-8 - h). What is the greatest common factor of w and 95?
19
Let k(v) = -5*v**2 + 30*v - 10. Let a(r) = -r**2 - 2. Let c(w) = -6*a(w) + k(w). Let h be c(2). Calculate the highest common factor of 110 and h.
22
Let b = 31717 - 31715. Suppose -2*t - 12 = -w, -3*w + 2*w = 3*t - 2. What is the highest common factor of w and b?
2
Let u = 191 + -194. Let s be (157 - (u - -1) - 0) + 3. What is the highest common factor of s and 27?
27
Suppose 4*u = o + 434, -2*o + 385 = 3*u + 54. Calculate the highest common divisor of 1 and u.
1
Let q be (-3752)/84*((-343)/4 + (-10)/8). What is the highest common factor of 1742 and q?
134
Let d be -4 + -5*(-17 - -15). What is the greatest commo